e
Is 178104 a multiple of 492?
True
Is 8038 a multiple of 6?
False
Is 4019820 a multiple of 51?
True
Does 11 divide 259105?
True
Is 150 a factor of 28007?
False
Does 488 divide 1377624?
True
Does 53 divide 746664?
True
Does 813 divide 1108119?
True
Does 26 divide 193529?
False
Does 85 divide 55760?
True
Does 24 divide 1433472?
True
Is 45 a factor of 2229165?
True
Is 89 a factor of 264864?
True
Is 32 a factor of 218176?
True
Is 392 a factor of 2136046?
False
Does 323 divide 191216?
True
Does 45 divide 11685?
False
Is 4520908 even?
True
Is 491512 a multiple of 469?
True
Is 31 a factor of 847092?
False
Is 138 a factor of 273798?
False
Does 1860 divide 1194120?
True
Is 1270808 a multiple of 56?
True
Is 196976 a multiple of 208?
True
Is 100903 a multiple of 232?
False
Is 183864 a multiple of 188?
True
Is 301500 a multiple of 25?
True
Is 3448896 a multiple of 704?
True
Is 582876 a multiple of 42?
True
Is 14 a factor of 11745?
False
Is 2075885 a multiple of 49?
True
Does 26 divide 3057912?
True
Is 13980732 a multiple of 17?
True
Does 18 divide 1209755?
False
Does 21 divide 1059534?
True
Does 1516 divide 7469958?
False
Is 58667 a multiple of 12?
False
Is 22 a factor of 14938?
True
Is 2229462 a multiple of 18?
True
Does 99 divide 144472?
False
Does 757 divide 2235421?
True
Is 618 a factor of 932227?
False
Is 489870 a multiple of 83?
False
Is 1575450 a multiple of 450?
True
Is 31 a factor of 403923?
False
Does 9 divide 12364?
False
Does 26 divide 342278?
False
Does 149 divide 1404659?
False
Is 2786965 a multiple of 547?
True
Is 318165 a multiple of 15?
True
Is 549 a factor of 216663?
False
Is 13 a factor of 195169?
True
Does 33 divide 1685734?
False
Is 77 a factor of 1795255?
True
Does 29 divide 29694231?
True
Does 111 divide 63256?
False
Does 60 divide 506340?
True
Is 357342 a multiple of 9?
False
Does 15 divide 66735?
True
Is 10338149 a multiple of 9?
False
Does 254 divide 733423?
False
Is 31 a factor of 80414?
True
Is 10 a factor of 12657?
False
Is 1900171 a multiple of 186?
False
Is 182329 a multiple of 427?
True
Is 1879409 a multiple of 251?
False
Is 648232 a multiple of 13?
True
Does 13 divide 4245475?
True
Is 32 a factor of 6131479?
False
Does 24 divide 297168?
True
Does 171 divide 2152206?
True
Is 75 a factor of 2453100?
True
Is 10988941 a multiple of 83?
False
Is 5315346 a multiple of 37?
True
Is 211435 a multiple of 245?
True
Does 18 divide 5238?
True
Is 411 a factor of 1489683?
False
Is 44 a factor of 110704?
True
Is 1883571 a multiple of 294?
False
Is 44529 a multiple of 535?
False
Is 18 a factor of 75539?
False
Is 1439170 a multiple of 71?
True
Does 4 divide 1166380?
True
Is 158 a factor of 474?
True
Is 195546 a multiple of 327?
True
Is 258 a factor of 581016?
True
Is 141255 a multiple of 43?
True
Does 146 divide 114408?
False
Is 451616 a multiple of 176?
True
Is 455 a factor of 1046671?
False
Does 20 divide 32449?
False
Is 9 a factor of 35838?
True
Does 19 divide 67722?
False
Is 313 a factor of 284671?
False
Is 457444 a multiple of 247?
True
Is 9751707 a multiple of 669?
False
Is 11677690 a multiple of 1896?
False
Is 95 a factor of 96269?
False
Does 77 divide 7807507?
False
Is 6 a factor of 1049164?
False
Does 15 divide 10380795?
True
Is 12 a factor of 1665108?
True
Is 19455415 a multiple of 47?
True
Does 51 divide 2289474?
False
Is 19 a factor of 455819?
False
Is 131 a factor of 579111?
False
Does 11 divide 874016?
True
Is 96 a factor of 1528?
False
Does 15 divide 5401425?
True
Is 2759424 a multiple of 16?
True
Is 5687168 a multiple of 16?
True
Is 13 a factor of 37765?
True
Does 43 divide 2168507?
False
Is 5 a factor of 21615?
True
Is 93 a factor of 1496314?
False
Does 400 divide 100000?
True
Is 9436312 a multiple of 41?
False
Is 1416 a factor of 7564272?
True
Is 6 a factor of 88674?
True
Is 186 a factor of 3972030?
True
Is 256 a factor of 7033600?
True
Is 6 a factor of 307579?
False
Is 924 a factor of 7102788?
True
Does 26 divide 25847?
False
Does 3 divide 7514304?
True
Is 119 a factor of 77589?
False
Does 12 divide 334234?
False
Is 11520 a multiple of 10?
True
Does 34 divide 1450350?
False
Is 2760 a multiple of 26?
False
Is 112625 a multiple of 125?
True
Is 430807 a multiple of 14?
False
Is 120 a factor of 1915080?
True
Is 2360528 a multiple of 752?
True
Does 584 divide 124397?
False
Is 27863832 a multiple of 90?
False
Is 24 a factor of 11438592?
True
Does 13 divide 2226835?
True
Is 12 a factor of 195228?
True
Is 3145516 a multiple of 48?
False
Is 2396938 a multiple of 67?
False
Is 182644 a multiple of 32?
False
Is 33648 a multiple of 16?
True
Does 288 divide 337?
False
Does 136 divide 4878388?
False
Does 834 divide 3763850?
False
Does 250 divide 4308575?
False
Is 1195761 a multiple of 7?
True
Is 3360 a multiple of 84?
True
Is 15 a factor of 152535?
True
Does 142 divide 24708?
True
Is 794860 a multiple of 55?
True
Is 12 a factor of 582828?
True
Is 12 a factor of 2492892?
True
Does 78 divide 3053210?
False
Is 2358704 a multiple of 16?
True
Is 456 a factor of 261288?
True
Is 26325 a multiple of 81?
True
Does 142 divide 481396?
False
Is 2140684 a multiple of 13?
True
Does 957 divide 8113278?
False
Is 3430336 a multiple of 248?
True
Does 51 divide 1262265?
False
Is 6510285 a multiple of 22?
False
Does 18 divide 408542?
False
Is 691 a factor of 7740626?
False
Does 89 divide 13674761?
True
Does 663 divide 11786151?
True
Is 66 a factor of 29942?
False
Does 28 divide 245896?
True
Is 18 a factor of 167796?
True
Is 18 a factor of 13445046?
True
Is 132 a factor of 538644?
False
Does 3 divide 896198?
False
Is 3407251 a multiple of 378?
False
Is 7 a factor of 94126?
False
Does 86 divide 4722432?
True
Is 32378 a multiple of 136?
False
Does 54 divide 5622588?
True
Is 48 a factor of 176736?
True
Is 14756884 a multiple of 697?
True
Is 1092960 a multiple of 138?
True
Is 664 a factor of 11124656?
True
Does 9 divide 13455?
True
Is 898788 a multiple of 22?
True
Is 1306305 a multiple of 39?
True
Does 259 divide 12726973?
False
Is 5470433 a multiple of 11?
False
Is 386016 a multiple of 98?
False
Does 56 divide 189216?
False
Is 2410540 a multiple of 28?
False
Does 84 divide 114576?
True
Is 177 a factor of 165495?
True
Is 273 a factor of 178568?
False
Is 28 a factor of 186284?
True
Does 2 divide 12142?
True
Is 3903 a multiple of 3?
True
Does 3 divide 118359?
True
Is 29 a factor of 171769?
False
Is 149 a factor of 18124509?
True
Does 38 divide 2456407?
False
Is 2162933 a multiple of 107?
False
Is 1326528 a multiple of 504?
True
Does 401 divide 8221629?
False
Is 62530 a multiple of 65?
True
Is 1848308 a multiple of 553?
False
Is 47 a factor of 108544?
False
Does 29 divide 330366?
False
Is 127 a factor of 274505?
False
Is 4160475 a multiple of 46?
False
Is 168 a factor of 72601?
False
Is 17 a factor of 237201?
True
Is 10137398 a multiple of 32?
False
Does 119 divide 102466?
False
Does 227 divide 88865?
False
Is 16 a factor of 1493000?
False
Is 157 a factor of 103620?
True
Does 455 divide 2407860?
True
Is 262247 a multiple of 12?
False
Is 2124689 a multiple of 131?
True
Is 86300 a multiple of 26?
False
Does 8 divide 176126?
False
Is 3 a factor of 201197?
False
Is 12673737 a multiple of 1611?
True
Is 31 a factor of 197284?
True
Does 18 divide 2979288?
True
Is 359 a factor of 380606?
False
Does 584 divide 13942416?
True
Is 175633 a multiple of 39?
False
Is 186534 a multiple of 387?
True
Is 12 a factor of 574309?
False
Is 49870 a multiple of 5?
True
Is 343 a factor of 4423328?
True
Is 469 a factor of 441798?
True
Does 14 divide 3280448?
False
Is 1049 a factor of 2573749?
False
Is 409668 a multiple of 141?
False
Does 39 divide 22938435?
True
Is 353 a factor of 108822?
False
Is 16 a factor of 558141?
False
Does 17 divide 22569?
False
Does 1333 divide 1821547?
False
Does 957 divide 1344585?
True
Is 48 a factor of 54432?
True
Is 89272 a multiple of 7?
False
Does 69 divide 1837760?
False
Is 221247 a multiple of 279?
True
Does 129 divide 136095?
True
Does 45 divide 1470285?
True
Does 44 divide 1102288?
True
Is 195 a factor of 26612?
False
Is 19 a factor of 122132?
True
Does 11 divide 4778367?
True
Is 55 a factor of 413002?
False
Does 9 divide 147435?
False
Is 53 a factor of 81546?
False
Is 16719978 a multiple of 366?
True
Is 2017600 a multiple of 2080?
True
Is 15 a fac